f 649?
False
Is 19 a factor of 333542929?
True
Is 88 a factor of 527331779?
False
Is 15067248 a multiple of 24?
True
Is 71 a factor of 9088274?
False
Is 304 a factor of 639312?
True
Is 393 a factor of 105139986?
False
Is 45647276 a multiple of 1769?
True
Is 4 a factor of 239222122?
False
Does 327 divide 67443423?
True
Is 363840813 a multiple of 371?
True
Is 62 a factor of 956584422?
True
Is 6 a factor of 133918338?
True
Is 20 a factor of 19498352?
False
Is 2 a factor of 8538200?
True
Is 403301604 a multiple of 1295?
False
Does 620 divide 6015860?
True
Does 124 divide 10096452?
True
Is 1028474474 a multiple of 2904?
False
Is 640931219 a multiple of 1953?
False
Is 132 a factor of 32001816?
True
Is 777471498 a multiple of 269?
False
Is 6486935 a multiple of 689?
True
Does 1040 divide 5751200?
True
Is 6290 a factor of 3858418090?
True
Is 161331359 a multiple of 8?
False
Is 1169411955 a multiple of 10?
False
Does 359 divide 112279763?
True
Is 53647446 a multiple of 737?
False
Is 170 a factor of 102676260?
True
Is 1096 a factor of 32266090?
False
Does 1190 divide 901919989?
False
Is 14 a factor of 1722127586?
False
Does 2 divide 350446197?
False
Is 59736009 a multiple of 3?
True
Is 300044224 a multiple of 536?
True
Is 32672780 a multiple of 70?
True
Does 6659 divide 948318356?
False
Does 1440 divide 35624160?
True
Is 3896 a factor of 231301624?
True
Is 8 a factor of 1930195152?
True
Is 120578972 a multiple of 25?
False
Is 7873 a factor of 3046260525?
True
Is 2038707 a multiple of 11?
True
Is 5558378 a multiple of 14?
True
Is 6145440 a multiple of 10?
True
Is 1060 a factor of 146535460?
True
Does 36 divide 92484?
True
Does 564 divide 131961445?
False
Is 801104366 a multiple of 188?
False
Does 4222 divide 695963178?
False
Does 111 divide 21971673?
True
Is 151894116 a multiple of 16?
False
Is 45878754 a multiple of 177?
True
Is 619 a factor of 45661773?
True
Does 7747 divide 203901040?
True
Is 74505056 a multiple of 8?
True
Is 1887 a factor of 76290269?
False
Is 3 a factor of 126988059?
True
Does 239 divide 1530297880?
True
Is 1286 a factor of 1944432?
True
Does 417 divide 29420220?
False
Does 2146 divide 53576139?
False
Is 515528099 a multiple of 2179?
False
Is 14952320 a multiple of 128?
True
Does 396 divide 15700024?
False
Is 608 a factor of 4611723?
False
Does 229 divide 138081504?
True
Is 158 a factor of 302170022?
False
Is 265486515 a multiple of 3241?
True
Is 1918973210 a multiple of 2030?
True
Is 39583138 a multiple of 12?
False
Does 4 divide 4062308?
True
Does 359 divide 2535803680?
True
Is 17 a factor of 29399152?
False
Is 2162 a factor of 2687558767?
False
Does 651 divide 298988025?
True
Is 279 a factor of 112135401?
True
Is 72 a factor of 617621400?
True
Is 1973 a factor of 64315854?
True
Is 2 a factor of 1086557?
False
Does 314 divide 14907464?
True
Is 12 a factor of 34872535?
False
Does 9 divide 22359715?
False
Is 8002512 a multiple of 1401?
True
Is 34 a factor of 67311432?
True
Does 60 divide 1338442374?
False
Is 560 a factor of 27448674?
False
Is 111327437 a multiple of 3933?
False
Is 437579703 a multiple of 65?
False
Is 45 a factor of 38581225?
False
Is 777 a factor of 82098597?
True
Is 217 a factor of 600899908?
True
Is 35391592 a multiple of 173?
False
Is 129 a factor of 346923570?
True
Is 136126825 a multiple of 2310?
False
Does 247 divide 82530777?
False
Is 341967976 a multiple of 2572?
True
Does 36 divide 1593462312?
True
Is 14 a factor of 143333484?
True
Is 1111 a factor of 162752635?
False
Does 11 divide 41418098?
False
Is 10 a factor of 44776608?
False
Is 374867538 a multiple of 12?
False
Is 301 a factor of 14871730?
False
Is 55843464 a multiple of 668?
True
Is 158975564 a multiple of 341?
True
Does 15 divide 173660505?
True
Does 401 divide 162171618?
True
Is 1146 a factor of 30099435?
False
Is 21 a factor of 295044191?
False
Is 93942216 a multiple of 12?
True
Does 21 divide 142301113?
False
Is 327798685 a multiple of 28?
False
Is 473872992 a multiple of 696?
True
Does 64 divide 1634499328?
True
Is 28244013 a multiple of 497?
True
Is 48655047 a multiple of 681?
False
Does 53 divide 2113693603?
False
Is 485609319 a multiple of 13?
True
Does 434 divide 1968548427?
False
Does 1825 divide 119842460?
False
Does 6 divide 110127294?
True
Is 785118798 a multiple of 261?
True
Does 47 divide 243740308?
True
Does 2871 divide 62127575?
False
Is 239 a factor of 69737574?
False
Is 22 a factor of 22748594?
True
Is 372260567 a multiple of 2249?
False
Is 53818344 a multiple of 8478?
True
Does 414 divide 71893998?
True
Is 3057 a factor of 599807861?
False
Is 5 a factor of 340658680?
True
Is 62470050 a multiple of 3525?
True
Is 2491 a factor of 1132946866?
False
Does 1437 divide 509013135?
False
Is 830 a factor of 714288040?
True
Is 22258384 a multiple of 1318?
True
Is 6 a factor of 151863817?
False
Does 2801 divide 1683372990?
True
Is 1990579121 a multiple of 86?
False
Is 17 a factor of 810487410?
True
Is 112 a factor of 77153797?
False
Is 9837601 a multiple of 73?
False
Does 1147 divide 30586426?
False
Is 19 a factor of 171703304?
True
Is 41 a factor of 937037893?
False
Does 2001 divide 139313622?
True
Is 17 a factor of 34151130?
True
Is 20 a factor of 8989855460?
True
Is 59263588 a multiple of 79?
True
Does 256 divide 78502655?
False
Does 1215 divide 204197760?
True
Is 44557320 a multiple of 8?
True
Is 2575086835 a multiple of 29?
False
Does 39 divide 40982175?
True
Is 12061250 a multiple of 12?
False
Does 53 divide 81967824?
False
Is 14703869 a multiple of 38?
False
Is 12377292 a multiple of 51?
True
Is 4 a factor of 29543759?
False
Is 1475 a factor of 17732012?
False
Is 109 a factor of 63060860?
True
Does 11 divide 553088107?
True
Is 1158594346 a multiple of 623?
True
Is 102895669 a multiple of 10?
False
Is 43 a factor of 1816478934?
False
Is 645875014 a multiple of 1082?
True
Is 59 a factor of 8314621?
False
Is 12456770 a multiple of 3554?
True
Is 152 a factor of 438892582?
False
Is 419901980 a multiple of 332?
True
Is 32436345 a multiple of 26?
False
Is 140 a factor of 303604140?
True
Is 67 a factor of 62329609?
False
Does 5 divide 232490808?
False
Does 876 divide 27590496?
True
Is 1777 a factor of 66247774?
False
Is 347 a factor of 532122329?
False
Is 2767725 a multiple of 10?
False
Is 982 a factor of 2178684840?
True
Does 1193 divide 99336383?
False
Is 110551946 a multiple of 191?
True
Is 1011 a factor of 293412420?
True
Is 398689453 a multiple of 491?
False
Is 484772 a multiple of 17?
True
Is 153949416 a multiple of 79?
False
Is 402 a factor of 9340872?
True
Is 16 a factor of 160968256?
True
Is 3453 a factor of 131718138?
True
Does 24 divide 92562048?
True
Does 27 divide 24718905?
True
Is 213295434 a multiple of 194?
True
Is 326 a factor of 907231594?
True
Does 244 divide 1615274177?
False
Does 42 divide 601375068?
True
Is 1612368 a multiple of 7?
False
Does 635 divide 1343025?
True
Is 9573573 a multiple of 36?
False
Is 101816859 a multiple of 237?
True
Is 93637926 a multiple of 521?
False
Is 18 a factor of 171925974?
True
Is 704901600 a multiple of 68?
True
Does 690 divide 205961424?
False
Is 196 a factor of 1556336?
False
Is 38895626 a multiple of 17?
True
Does 29 divide 49185571?
False
Is 1763419102 a multiple of 1354?
False
Is 11561 a factor of 3369915890?
True
Does 83 divide 53380858?
False
Does 5 divide 1930716?
False
Is 37909703 a multiple of 929?
True
Is 473 a factor of 318131016?
False
Is 30932361 a multiple of 513?
True
Does 39 divide 258100440?
True
Is 1183708800 a multiple of 1725?
True
Is 5 a factor of 80387025?
True
Is 11 a factor of 151457092?
False
Does 1955 divide 11448904?
False
Does 37 divide 533998393?
True
Does 89 divide 5028456835?
True
Is 474171672 a multiple of 52?
True
Is 27590430 a multiple of 15?
True
Does 32 divide 17507897?
False
Does 1394 divide 45649318?
True
Is 33727812 a multiple of 29?
True
Is 544524184 a multiple of 1543?
False
Does 228 divide 162066822?
False
Is 305557879 a multiple of 1866?
False
Is 2080 a factor of 272471680?
True
Does 303 divide 149544135?
True
Does 980 divide 91948675?
False
Is 1045 a factor of 194543467?
False
Is 29851033 a multiple of 83?
True
Is 10 a factor of 9031993?
False
Does 5432 divide 108411911?
False
Does 124 divide 116661928?
True
Is 16 a factor of 212355712?
True